826.
14
What is the greatest common divisor of 2840 and 80?
40
Calculate the highest common factor of 1833 and 2679.
141
What is the greatest common divisor of 204 and 663?
51
What is the greatest common factor of 8589 and 21?
21
What is the highest common divisor of 19 and 361?
19
Calculate the highest common factor of 294 and 1323.
147
Calculate the highest common factor of 30 and 114.
6
Calculate the greatest common factor of 56 and 10.
2
What is the greatest common divisor of 44 and 33?
11
What is the greatest common divisor of 26 and 91?
13
Calculate the greatest common divisor of 212 and 12.
4
What is the highest common divisor of 1134 and 2772?
126
What is the highest common divisor of 2697 and 930?
93
What is the highest common divisor of 1572 and 12?
12
What is the greatest common divisor of 17368 and 624?
104
What is the greatest common factor of 20 and 1130?
10
Calculate the greatest common divisor of 207 and 3680.
23
What is the greatest common factor of 374 and 136?
34
Calculate the greatest common factor of 339 and 3.
3
Calculate the greatest common factor of 231 and 714.
21
Calculate the highest common divisor of 34512 and 48.
48
What is the greatest common divisor of 34 and 765?
17
Calculate the greatest common factor of 27 and 279.
9
What is the highest common divisor of 1 and 13?
1
Calculate the greatest common divisor of 217 and 11501.
217
What is the highest common factor of 4134 and 477?
159
Calculate the greatest common factor of 6 and 58.
2
Calculate the greatest common factor of 1096 and 685.
137
What is the highest common divisor of 12 and 5?
1
Calculate the highest common divisor of 2563 and 699.
233
What is the greatest common divisor of 90 and 162?
18
Calculate the highest common factor of 55 and 22.
11
What is the highest common factor of 175 and 245?
35
What is the highest common divisor of 5 and 35?
5
Calculate the greatest common divisor of 28 and 308.
28
What is the greatest common factor of 4272 and 6?
6
What is the highest common divisor of 534 and 114?
6
Calculate the greatest common divisor of 697 and 82.
41
What is the highest common factor of 1064 and 224?
56
What is the greatest common factor of 41 and 6437?
41
What is the highest common factor of 93 and 6231?
93
What is the greatest common divisor of 4453 and 73?
73
What is the highest common factor of 90 and 45?
45
What is the greatest common divisor of 74 and 2035?
37
Calculate the greatest common factor of 60 and 276.
12
Calculate the greatest common divisor of 64 and 160.
32
Calculate the highest common divisor of 435 and 15.
15
What is the highest common factor of 2379 and 39?
39
Calculate the highest common factor of 52 and 13.
13
What is the highest common factor of 435 and 9744?
87
Calculate the highest common factor of 64 and 416.
32
Calculate the highest common factor of 6 and 438.
6
Calculate the greatest common factor of 48 and 3152.
16
What is the greatest common divisor of 219 and 57?
3
Calculate the greatest common divisor of 150 and 174.
6
Calculate the highest common divisor of 968 and 24.
8
Calculate the greatest common factor of 1316 and 1414.
14
Calculate the greatest common divisor of 10 and 85.
5
Calculate the highest common factor of 33747 and 21.
21
What is the greatest common divisor of 330 and 270?
30
What is the greatest common divisor of 55 and 440?
55
What is the highest common factor of 90 and 1224?
18
What is the greatest common factor of 612 and 63?
9
What is the highest common factor of 7579 and 22?
11
Calculate the highest common divisor of 1652 and 84.
28
Calculate the greatest common factor of 4235 and 15.
5
What is the greatest common divisor of 2489 and 19?
19
Calculate the greatest common divisor of 42 and 66.
6
Calculate the highest common factor of 26136 and 54.
54
What is the highest common divisor of 267 and 3?
3
What is the highest common divisor of 1938 and 456?
114
Calculate the greatest common factor of 50 and 1130.
10
What is the greatest common factor of 14696 and 16?
8
What is the highest common divisor of 855 and 27?
9
Calculate the highest common divisor of 108 and 36.
36
Calculate the greatest common factor of 66 and 110.
22
What is the greatest common divisor of 37 and 4181?
37
Calculate the greatest common factor of 422 and 15403.
211
Calculate the greatest common divisor of 31 and 81.
1
What is the highest common divisor of 350 and 2200?
50
Calculate the greatest common factor of 21 and 826.
7
Calculate the highest common divisor of 280 and 112.
56
Calculate the highest common factor of 247 and 52.
13
What is the greatest common factor of 16501 and 29?
29
What is the highest common factor of 234 and 26?
26
What is the greatest common divisor of 363 and 1331?
121
What is the greatest common factor of 7592 and 104?
104
What is the highest common factor of 10971 and 53?
53
Calculate the highest common factor of 70 and 7882.
14
Calculate the highest common divisor of 69 and 9.
3
Calculate the greatest common factor of 20 and 1405.
5
What is the greatest common factor of 16 and 1024?
16
Calculate the greatest common divisor of 156 and 260.
52
What is the greatest common divisor of 28 and 406?
14
What is the greatest common divisor of 2 and 215?
1
Calculate the highest common divisor of 192 and 18.
6
What is the highest common divisor of 5943 and 168?
21
What is the highest common factor of 35 and 126?
7
What is the highest common factor of 7425 and 110?
55
What is the highest common divisor of 15 and 615?
15
Calculate the greatest common factor of 550 and 110.
110
What is the greatest common divisor of 42 and 5474?
14
Calculate the greatest common factor of 133 and 7.
7
What is the highest common divisor of 217 and 22351?
217
Calculate the highest common divisor of 34 and 14858.
34
What is the highest common factor of 136 and 24?
8
What is the highest common factor of 52 and 481?
13
What is the highest common factor of 157 and 2983?
157
Calculate the highest common divisor of 1176 and 48.
24
What is the greatest common factor of 408 and 96?
24
Calculate the greatest common divisor of 41 and 16769.
41
What is the greatest common factor of 450 and 54?
18
Calculate the greatest common divisor of 28 and 140.
28
Calculate the greatest common divisor of 31 and 1395.
31
Calculate the greatest common divisor of 3136 and 147.
49
What is the greatest common divisor of 452 and 565?
113
What is the greatest common divisor of 16 and 248?
8
Calculate the greatest common divisor of 2256 and 6.
6
Calculate the highest common factor of 321 and 24.
3
Calculate the greatest common divisor of 140 and 56.
28
What is the greatest common factor of 24 and 64?
8
Calculate the greatest common divisor of 2 and 12526.
2
Calculate the greatest common divisor of 6846 and 462.
42
Calculate the highest common divisor of 134 and 67.
67
What is the highest common factor of 300 and 5900?
100
What is the greatest common factor of 17 and 1139?
17
Calculate the greatest common divisor of 950 and 260.
10
What is the highest common divisor of 1296 and 9?
9
What is the greatest common divisor of 129 and 43?
43
Calculate the greatest common divisor of 1485 and 660.
165
Calculate the greatest common divisor of 748 and 476.
68
What is the greatest common factor of 15 and 135?
15
Calculate the greatest common divisor of 3968 and 62.
62
Calculate the greatest common divisor of 1485 and 198.
99
Calculate the highest common factor of 3030 and 30.
30
What is the greatest common divisor of 6 and 2866?
2
Calculate the greatest common factor of 232 and 65308.
116
What is the greatest common factor of 288 and 360?
72
What is the greatest common factor of 899 and 31?
31
What is the greatest common factor of 775 and 31?
31
Calculate the highest common divisor of 99 and 153.
9
What is the highest common factor of 29200 and 100?
100
What is the greatest common divisor of 180 and 840?
60
What is the greatest common factor of 112 and 994?
14
What is the highest common factor of 11709 and 9?
9
Calculate the highest common divisor of 102 and 1074.
6
Calculate the greatest common factor of 91 and 6448.
13
What is the greatest common divisor of 91 and 351?
13
Calculate the highest common factor of 253 and 207.
23
Calculate the greatest common factor of 370 and